rime factors of 304192734?
2, 3, 50698789
List the prime factors of 3192346871.
7, 456049553
List the prime factors of 1692453804.
2, 3, 19, 23, 29, 31, 359
List the prime factors of 31839744.
2, 3, 19, 1091
List the prime factors of 114733847.
43, 2668229
What are the prime factors of 718073?
307, 2339
What are the prime factors of 4502912634?
2, 3, 11, 229717
What are the prime factors of 1533940936?
2, 11, 1289, 13523
What are the prime factors of 43597721?
1021, 42701
List the prime factors of 74079977.
74079977
What are the prime factors of 60146540?
2, 5, 3007327
List the prime factors of 25534719.
3, 7, 101, 4013
List the prime factors of 83530158.
2, 3, 23, 26317
What are the prime factors of 2921725064?
2, 53, 6890861
List the prime factors of 2007272961.
3, 29, 103, 24889
What are the prime factors of 563968352?
2, 167, 105533
What are the prime factors of 288203520?
2, 3, 5, 11, 6823
List the prime factors of 184171349.
89, 2069341
What are the prime factors of 16429338?
2, 3, 19, 67, 239
What are the prime factors of 1192809621?
3, 397603207
List the prime factors of 740361763.
3547, 208729
What are the prime factors of 86311610?
2, 5, 7, 11, 197, 569
List the prime factors of 68435784.
2, 3, 950497
List the prime factors of 786831471.
3, 193, 452983
What are the prime factors of 91560357?
3, 7, 1453339
What are the prime factors of 2722200459?
3, 11, 383, 215381
What are the prime factors of 28705901?
7, 523, 7841
List the prime factors of 50115352.
2, 7, 894917
What are the prime factors of 784300111?
7, 41, 2732753
List the prime factors of 41992757.
41992757
List the prime factors of 16294740.
2, 3, 5, 7, 11, 3527
List the prime factors of 5875392581.
761, 7720621
What are the prime factors of 6391189?
7, 913027
List the prime factors of 351882284.
2, 13, 37, 4943
What are the prime factors of 7551?
3, 839
What are the prime factors of 62640609?
3, 29, 720007
What are the prime factors of 762714503?
17, 373, 120283
List the prime factors of 6457302383.
7, 229, 4028261
What are the prime factors of 56029939?
7, 8004277
What are the prime factors of 492027112?
2, 317, 194017
What are the prime factors of 156940543?
1873, 83791
What are the prime factors of 2830285814?
2, 59, 23985473
List the prime factors of 144056333.
144056333
List the prime factors of 1304132744.
2, 6481, 25153
What are the prime factors of 147044788?
2, 11, 191, 17497
What are the prime factors of 183345411?
3, 61115137
List the prime factors of 536735427.
3, 19, 131, 71881
List the prime factors of 315025593.
3, 105008531
List the prime factors of 3459958615.
5, 19, 37, 984341
What are the prime factors of 227366232?
2, 3, 587, 16139
List the prime factors of 1230205729.
1230205729
List the prime factors of 226355190.
2, 3, 5, 23, 328051
What are the prime factors of 64672264?
2, 8084033
What are the prime factors of 32203309?
19, 853, 1987
What are the prime factors of 4364962743?
3, 541, 1319, 2039
List the prime factors of 6444557647.
11, 53260807
What are the prime factors of 148939407?
3, 31, 359, 1487
What are the prime factors of 892930370?
2, 5, 89293037
List the prime factors of 235934900.
2, 5, 2359349
What are the prime factors of 445246622?
2, 222623311
What are the prime factors of 59367519?
3, 17, 129341
What are the prime factors of 195436593?
3, 11, 167, 11821
List the prime factors of 340577873.
31, 10986383
What are the prime factors of 1652357802?
2, 3, 89, 3094303
List the prime factors of 1013108903.
307, 3300029
What are the prime factors of 908637093?
3, 7, 13, 653, 1699
What are the prime factors of 1979144415?
3, 5, 41, 357569
List the prime factors of 243490672.
2, 157, 96931
List the prime factors of 157650670.
2, 5, 29, 179, 3037
What are the prime factors of 3050907856?
2, 17, 11216573
List the prime factors of 327544001.
327544001
What are the prime factors of 317779071?
3, 29, 3652633
What are the prime factors of 74456896?
2, 19, 61231
List the prime factors of 1917034300.
2, 5, 877, 21859
What are the prime factors of 68146357?
43, 59, 26861
What are the prime factors of 2623375219?
47843, 54833
What are the prime factors of 30899693?
11, 17, 373, 443
List the prime factors of 23989725.
3, 5, 106621
What are the prime factors of 405937760?
2, 5, 2537111
List the prime factors of 1243454857.
31, 5171, 7757
What are the prime factors of 254645?
5, 50929
List the prime factors of 8154935300.
2, 5, 81549353
What are the prime factors of 45125473?
701, 64373
What are the prime factors of 3063037056?
2, 3, 53, 150503
List the prime factors of 71762739.
3, 167, 143239
What are the prime factors of 179235813?
3, 1187, 50333
List the prime factors of 949625518.
2, 23, 41, 233, 2161
List the prime factors of 882595287.
3, 7, 14009449
What are the prime factors of 232559928?
2, 3, 641, 5039
What are the prime factors of 71501347?
197, 362951
What are the prime factors of 359386892?
2, 107, 179, 4691
List the prime factors of 5187206.
2, 613, 4231
What are the prime factors of 47927778?
2, 3, 29, 275447
List the prime factors of 906518698.
2, 461, 983209
What are the prime factors of 123485234?
2, 61742617
List the prime factors of 1203050365.
5, 11, 1988513
List the prime factors of 502157820.
2, 3, 5, 797, 10501
List the prime factors of 57003332.
2, 67, 227, 937
List the prime factors of 1890191923.
31, 157, 388369
What are the prime factors of 5190199?
7, 741457
List the prime factors of 227138250.
2, 3, 5, 302851
List the prime factors of 141399350.
2, 5, 2827987
List the prime factors of 21735312.
2, 3, 73, 6203
List the prime factors of 955554782.
2, 7, 13, 15307
List the prime factors of 176767593.
3, 1291, 45641
What are the prime factors of 469085013?
3, 1930391
List the prime factors of 47403918.
2, 3, 47, 137, 409
What are the prime factors of 1702908849?
3, 4289, 132347
List the prime factors of 602269806.
2, 3, 100378301
List the prime factors of 1183512518.
2, 23, 25728533
List the prime factors of 300178016.
2, 1327, 7069
List the prime factors of 75299445.
3, 5, 13, 128717
What are the prime factors of 50540924?
2, 7, 71, 25423
List the prime factors of 1845053876.
2, 1373, 335953
What are the prime factors of 117611447?
181, 649787
What are the prime factors of 59036512?
2, 17, 47, 2309
List the prime factors of 56263911.
3, 11, 23, 293
List the prime factors of 889712284.
2, 199, 1117729
List the prime factors of 3239179511.
47, 1559, 44207
List the prime factors of 29448916.
2, 7, 1051747
List the prime factors of 445210619.
7, 359, 25309
List the prime factors of 38390420.
2, 5, 17, 112913
What are the prime factors of 40046902?
2, 7, 2860493
List the prime factors of 1313402372.
2, 12301, 26693
What are the prime factors of 896330843?
47, 19070869
What are the prime factors of 40222617?
3, 13407539
List the prime factors of 734298753.
3, 1033, 236947
What are the prime factors of 2552537646?
2, 3, 4397, 32251
What are the prime factors of 542524275?
3, 5, 2411219
What are the prime factors of 380854540?
2, 5, 11, 463, 3739
What are the prime factors of 815076874?
2, 17791, 22907
List the prime factors of 1145968860.
2, 3, 5, 41, 465841
List the prime factors of 3763885.
5, 17, 44281
What are the prime factors of 184222988?
2, 3673, 12539
What are the prime factors of 1966593451?
83, 23693897
What are the prime factors of 69078469?
79, 181, 4831
What are the prime factors of 35747805?
3, 5, 31, 59, 1303
What are the prime factors of 75109628?
2, 11, 23, 74219
What are the prime factors of 86907776?
2, 821, 827
What are the prime factors of 314139728?
2, 7, 47, 83, 719
What are the prime factors of 85934682?
2, 3, 19, 27919
List the prime factors of 1669254743.
13, 9877247
List the prime factors of 101994056.
2, 71, 79, 2273
What are the prime factors of 189236073?
3, 13, 67, 72421
What are the prime factors of 68489043?
3, 7, 293, 11131
What are the prime factors of 619812503?
17, 1249, 29191
List the prime factors of 256489614.
2, 3, 14249423
What are the prime factors of 4164440834?
2, 139, 457, 32779
What are the prime factors of 3147869644?
2, 499, 827, 1907
List the prime factors of 1900977187.
3517, 540511
What are the prime factors of 670148395?
5, 7, 73, 3593
What are the prime factors of 1557843174?
2,